- 7*o + 2 - 5. Let u(j) = -j. Let m(z) = x*u(z) - d(z). Determine m(2).
6
Let r(s) = -s**3 - 2*s**2 + 3*s. Let h(i) = -i. Let k be h(-2). What is r(k)?
-10
Let t(u) = u**3 - 2. Suppose -4*c - 2 = m + m, 4*c = -3*m - 3. Determine t(c).
-2
Let i = 46 + -45. Let o(p) = -8*p**2 - 7*p - 5. Let w(k) = -4*k**2 - 4*k - 3. Let a(u) = -3*o(u) + 5*w(u). Calculate a(i).
5
Suppose 18*n - 8*n + 50 = 0. Let m(i) = i**2 + i. Let u(g) = g**3 + 9*g**2 + g + 7. Let z(l) = -5*m(l) + u(l). Give z(n).
2
Let o be (32/24)/((-1)/(-3)). Let l(f) = f**2 - 4*f - 4. What is l(o)?
-4
Let m(u) = -2*u + 10 - 9*u - 6*u**2 + u**3 - 3*u + 5*u. Let b be m(7). Let c(i) = 0*i - 14 - i + 6. Determine c(b).
-4
Let s be -1*2*5/(-2). Suppose 3*j - s = -0*z - 2*z, -3*j = -3*z. Let a(n) = 3*n - 2*n - n**3 - 1 + 0 - n**3. Calculate a(j).
-2
Suppose -20 = 2*f - 6*f. Suppose -16 = f*w - 0*l - 2*l, -5*l + 13 = w. Let h(o) = -o**2 - 1. Calculate h(w).
-5
Let g(l) = 7*l - 2. Let t(p) = 7*p - 2. Let i(y) = -3*g(y) + 4*t(y). Give i(-2).
-16
Let n(v) be the third derivative of -v**5/60 - v**4/6 - v**3/3 - 2*v**2. Let g be (-1)/(1 - 6/4). Let f = g - 4. Calculate n(f).
2
Let i(h) = h**3 + h**2 - h - 13. Let y be 0*(17/(-4) - -4). Give i(y).
-13
Let r(n) = 8*n - 6. Let x(d) = -1. Let z(g) = r(g) - 5*x(g). What is z(-1)?
-9
Let z(x) be the third derivative of 0 + 1/3*x**3 + 1/60*x**5 + 1/24*x**4 + 3*x**2 + 0*x. What is z(-2)?
4
Let a(o) = o - 3. Let g(h) = -h - 3. Let l be g(-5). Let u be l/(-10) + 156/30. Calculate a(u).
2
Let v(c) = -2*c**2 + 3*c. Let w(g) be the first derivative of -g**2/2 - 2. Let f be w(-2). Calculate v(f).
-2
Let n(v) = -5*v**3 - 6*v - 9. Let y(j) = 14*j**3 + j**2 + 17*j + 26. Let t(u) = 17*n(u) + 6*y(u). Determine t(6).
3
Let k(q) = 0 - 13 + q**2 + 3 + 3 + 4*q. Calculate k(-6).
5
Let h(k) = -19*k + 1. Suppose -2*f + 4*f - 2 = 0. Let g be h(f). Let q be 4/18 + (-32)/g. Let s(c) = -3*c**2 + 4*c - 2. Determine s(q).
-6
Let x(b) = -1. Let t(m) = -m**2 + m + 5. Let a(l) = t(l) + 3*x(l). Calculate a(3).
-4
Let g(c) = 6*c - 4*c + c - 6*c + 6. Determine g(6).
-12
Suppose -4*x + 20 = 2*p + 6, 0 = p - 1. Let o(f) = 5 - 7*f + 1 - 2 + 3. Let b(l) = 6*l - 6. Let r(q) = 5*b(q) + 4*o(q). Give r(x).
4
Let h(n) = -5*n**2 - n + 6. Let j(p) = -11*p**2 - 3*p + 12. Let g(l) = 9*h(l) - 4*j(l). What is g(6)?
-12
Let m(u) be the third derivative of u**6/360 + u**5/20 + u**4/6 + 2*u**3/3 + 2*u**2. Let f(c) be the first derivative of m(c). Calculate f(-4).
-4
Let l(f) be the second derivative of 17*f**5/20 - f**3/6 + 27*f + 2. Calculate l(-1).
-16
Let z(k) = k**2 - 4*k + 2. Let v(o) = -4*o**3 + 2*o + 3. Let n(r) = 7*r**3 - r**2 - 4*r - 5. Let y(p) = -3*n(p) - 5*v(p). Let a be y(3). Give z(a).
14
Let m(j) be the first derivative of -4*j**4 + j**3/3 + j**2/2 - j + 6. Give m(1).
-15
Let d = 4 - 0. Let u(g) be the second derivative of -g**5/20 + 5*g**4/12 - 2*g**3/3 - g**2/2 - 15*g. What is u(d)?
-1
Suppose -y + q = -3*q - 11, -5*y - 4*q = -31. Let g(h) = h**3 - 6*h**2 - 8*h - 1. Determine g(y).
-8
Let w(t) be the second derivative of t**5/20 + 5*t**4/12 + t**3/6 - 2*t**2 + 7*t. Determine w(-4).
8
Let x(h) = 64*h - 11 - 26*h - 36*h. Give x(10).
9
Let s(p) = -2*p - 4. Let z be s(-4). Let x be 34/(-8) - z/(-16). Let n(m) = m. Let u(w) = w**2 + 9*w - 5. Let y(h) = -6*n(h) + u(h). What is y(x)?
-1
Let j(m) be the second derivative of -m - 1/2*m**3 + 0 - 5/2*m**2. Determine j(-4).
7
Let u(d) be the third derivative of d**6/120 - d**4/24 + d**3/3 - 36*d**2. What is u(-2)?
-4
Let g(k) = -6*k**2 + 4*k - 4. Let q(v) = -2*v**2 + 3*v - 3. Let i(d) = 3*d**2 - 5*d + 5. Let p(c) = 3*i(c) + 5*q(c). Let n(w) = g(w) - 5*p(w). Determine n(4).
-4
Let a(q) = q**3 - 13. Let s(j) = -2*j**2 - 21*j - 10. Let l be s(-10). Determine a(l).
-13
Let k(t) = t - 1. Let c be k(8). Let v(n) = -n + 3. Let a be v(c). Let s be a/10 - (-92)/(-20). Let o(w) = -w**2 - 6*w - 2. Determine o(s).
3
Let h(b) = 1 - 2*b + 3*b + 4*b - b. Let d = -1 - -3. Give h(d).
9
Let i(w) = -1 - 2*w**2 + 2 + w**3 - 3*w - 4 + 4. What is i(3)?
1
Let o(w) = -w**3 - 3*w**2 - 2*w - 3. Let p = 5 - 3. Suppose -3 - 1 = p*h. Give o(h).
-3
Let m(l) = l - 1. Let q(z) = -z + 5. Let v(u) = -4*m(u) - 2*q(u). Give v(-5).
4
Let c(a) = -24 - 8*a**2 - 2*a**3 + 3*a**3 + 29 - 10*a. Determine c(9).
-4
Let z(s) = -s**2 + 6*s + 2. Let j be z(6). Suppose -5*v + 2 = -8. Let g(p) = 3*p - p**v - 2*p + j + 4*p. Give g(4).
6
Let k(g) = g**2 - g - 1. Let t be 4*1 - (-3 + 5). Let j be ((-5)/t)/((-2)/4). Suppose 0 = -5*q - f - 9, -5*q + 6 = -j*f + 21. Give k(q).
5
Let j(l) = -l + 4. Suppose 17 = 2*r + 27. Calculate j(r).
9
Suppose 3*j = -0*j + 3. Suppose -3*q + 3*g = -3, -4*q - 2*g - j = 1. Let w(v) = -v + 2. Give w(q).
2
Let b(z) be the first derivative of z - 10 + 1/2*z**2. Determine b(-6).
-5
Let o(u) be the third derivative of u**6/10 + u**4/24 - 6*u**2. Determine o(1).
13
Let o(t) = t**2 - 2*t - 7. Suppose b - 6*y = -y - 19, 5*b = -2*y + 13. Suppose b = h - 4. What is o(h)?
8
Let a(n) be the second derivative of 3*n - 1/6*n**3 + 1/4*n**4 + 0 + 1/2*n**2. Determine a(1).
3
Let h(p) = -3*p. Let y(z) = 3*z + 1. Let r(v) = -6*h(v) - 5*y(v). Give r(6).
13
Let o(t) be the first derivative of 7*t**5/120 - t**4/12 - 8*t**3/3 - 5. Let i(p) be the third derivative of o(p). What is i(2)?
12
Let m(d) be the third derivative of d**5/60 - d**4/6 - 11*d**2. What is m(4)?
0
Suppose 2*n = 6*n - 36. Let i = -3 + n. Suppose -4 = -s - 5*p, -2*s + 4*s - 4*p = -i. Let u(d) = 4*d**2 - d - 1. Determine u(s).
4
Let y(b) = -2*b + 6. Suppose o + 2*n = 10, 0 = -o + 5*n + 7 - 18. What is y(o)?
-2
Let a(c) be the first derivative of -1/3*c**3 - 1 + 5/2*c**2 + 7*c. Determine a(6).
1
Let p(n) = -n**3 + 2*n**2 + 2*n + 1. Let v(i) = i**3 - 9*i**2 - 9*i - 11. Let f be v(10). Calculate p(f).
2
Let w be 8/(-32)*(-1 - 7). Let b(s) = s - 4 - 2*s - w*s + 6*s. Suppose 17 - 5 = 4*q. Calculate b(q).
5
Let c(r) = r**2 + 4*r - 6. Let s be c(-5). Let m be 2/(-2) + 6 - 2. Let i(p) = m*p**3 - 1 + p**2 - 23*p + 23*p. Give i(s).
-3
Let z(w) be the first derivative of -5*w**2/2 - 5*w - 3. Suppose 3*u - 20 = -2*r, 3*u - 16 = 3*r - 4*r. Let b(o) = 1. Let k(g) = u*b(g) + z(g). What is k(1)?
-6
Let h(p) = -p + 8. Let z be h(6). Let o(d) = 9*d**3 + d**2 + d. Let u(x) = 37*x**3 + 4*x**2 + 5*x. Let m(f) = z*u(f) - 9*o(f). What is m(1)?
-7
Let a(l) = 24*l - 51*l - 6 + 29*l. Suppose -h + 4*h + 24 = 0. Let f = h + 12. Calculate a(f).
2
Suppose 5*b = -2*w + 4*b - 10, 0 = b. Let h(t) = t**2 + 5*t + 3. What is h(w)?
3
Let y be ((-1 - 2) + 0)*1. Let t = 1 - 1. Let b(x) = 0 + 2*x + t + 1. Calculate b(y).
-5
Let t(h) = h**2 + 4*h + 5. Let x(y) = y**3 + 4*y**2 - 4. Let l = 4 + -9. Let j = 1 + l. Let b be x(j). Calculate t(b).
5
Let x(i) = i**2 + 2*i - 1. Let o = 16 - 18. Determine x(o).
-1
Let r(k) = k**2 - 6*k + 2. Let a be r(6). Suppose 0 = -5*z - 4*y + 40, -9*z + 26 = -5*z + a*y. Let m(n) = -n**2 + 7*n - 5. What is m(z)?
7
Let k(h) be the third derivative of h**5/40 + h**4/24 - h**3/3 + 9*h**2. Let y(v) be the first derivative of k(v). Determine y(1).
4
Let x(a) = -1 + 2 + 1 + 1 - a**2. Calculate x(-3).
-6
Let u(t) = t**3 + t**2 - t - 1. Let b = -9 - -11. Suppose m = -b*w, 0 = -2*m - 2*m - 4*w. Determine u(m).
-1
Let y(x) = -x - 3. Let z(f) = -11*f + 23. Let q(p) = 4*p - 8. Let u(b) = 8*q(b) + 3*z(b). Let h be u(9). Give y(h).
1
Let p(q) = -q**2 - 7*q. Let o be p(-6). Let r(c) = 5 - o - 1 - 3*c + 6*c**3 - 5*c**3. Calculate r(-2).
-4
Let l(n) = -4*n**3 + 3*n**3 + 3 - 3*n**2 + 12*n**2. Give l(9).
3
Let q(r) = r**3 - 8*r**2 - r + 10. Suppose 4*d + 8 = b, -b + 5*d - 3 + 11 = 0. What is q(b)?
2
Let r(k) = k + 1. Let h be 4/10 - 7/5. Let y be r(h). Suppose 3*f + 20 = -g, -4*f - 35 = -y*g + 3*g. Let j(x) = -x**2 - 4*x + 7. Calculate j(f).
2
Let h(s) = -3*s**3 - s**2 - 11*s - 15. Let n(f) = -f**3 - f**2 - 5*f - 7. Let k(d) = 2*h(d) - 5*n(d). Let q be 0 - -2 - (-5 - -3). Determine k(q).
1
Let x(y) = 4*y**3 - 29*y**2 - 33*y + 24. Let t(a) = a**3 - 7*a**2 - 8*a + 6. Let z(r) = 9*t(r) - 2*x(r). Give z(6).
6
Let m(d) = -9*d - 23. Let c(h) = -5*h - 12. Let s(a) = -7*c(a) + 4*m(a). What is s(-4)?
-4
Suppose -y + 2*b - b - 3 = 0, 0 = y + 5*b + 15. Let h(t) = -6*t + 3*t**3 - 5 + 4 - 4*t**3 - 6*t**2. What is h(y)?
4
Let j(k) = -28 + 3*k**2 - 2*k**2 + 25. Give j(0).
-